{"id":14703,"date":"2021-08-20T16:44:23","date_gmt":"2021-08-20T20:44:23","guid":{"rendered":"https:\/\/arkaprofessionals.com\/?page_id=14703"},"modified":"2022-02-15T17:13:27","modified_gmt":"2022-02-15T21:13:27","slug":"entrepreneurs","status":"publish","type":"page","link":"https:\/\/arkaprofessionals.com\/ingles\/servicios\/consultoria-empresarial\/entrepreneurs\/","title":{"rendered":"ENTREPRENEURS"},"content":{"rendered":"<div class=\"banner has-hover\" id=\"banner-1462065172\">\n          <div class=\"banner-inner fill\">\n        <div class=\"banner-bg fill\" >\n            <img loading=\"lazy\" decoding=\"async\" width=\"1020\" height=\"712\" src=\"https:\/\/arkaprofessionals.com\/wp-content\/uploads\/2021\/08\/cover-arka-entrepenuer-min.jpeg\" class=\"bg attachment-large size-large\" alt=\"cover arka entrepenuer-min\" \/>                        <div class=\"overlay\"><\/div>            \n                    <\/div>\n\t\t\n        <div class=\"banner-layers container\">\n            <div class=\"fill banner-link\"><\/div>            \n\n   <div id=\"text-box-2094815970\" class=\"text-box banner-layer x5 md-x5 lg-x5 y50 md-y50 lg-y50 res-text\">\n                     <div data-animate=\"fadeInLeft\">           <div class=\"text-box-content text dark\">\n              \n              <div class=\"text-inner text-left\">\n                  \n\n<div class=\"is-divider divider clearfix\" style=\"margin-top:0px;margin-bottom:0px;background-color:rgb(172, 14, 35);\"><\/div>\n\n\t<div id=\"text-1714718595\" class=\"text\">\n\t\t\n\n<h2 class=\"uppercase\"><strong>ENTREPRENEURS<\/strong><\/h2>\n\t\t\n<style>\n#text-1714718595 {\n  line-height: 1;\n}\n<\/style>\n\t<\/div>\n\t\n\n              <\/div>\n           <\/div>\n       <\/div>                     \n<style>\n#text-box-2094815970 {\n  width: 60%;\n}\n#text-box-2094815970 .text-box-content {\n  font-size: 100%;\n}\n@media (min-width:550px) {\n  #text-box-2094815970 {\n    width: 40%;\n  }\n}\n<\/style>\n    <\/div>\n \n\n        <\/div>\n      <\/div>\n\n            \n<style>\n#banner-1462065172 {\n  padding-top: 400px;\n}\n#banner-1462065172 .overlay {\n  background-color: rgba(0, 0, 0, 0.5);\n}\n#banner-1462065172 .banner-bg img {\n  object-position: 0% 28%;\n}\n<\/style>\n  <\/div>\n\n\n\n\t<section class=\"section\" id=\"section_293298925\">\n\t\t<div class=\"section-bg fill\" >\n\t\t\t\t\t\t\t\t\t\n\t\t\t\n\n\t\t<\/div>\n\n\t\t\n\n\t\t<div class=\"section-content relative\">\n\t\t\t\n\n\t<div id=\"gap-366292603\" class=\"gap-element clearfix\" style=\"display:block; height:auto;\">\n\t\t\n<style>\n#gap-366292603 {\n  padding-top: 50px;\n}\n<\/style>\n\t<\/div>\n\t\n\n<div class=\"row align-center\"  id=\"row-822047141\">\n\n\n\t<div id=\"col-1846147870\" class=\"col medium-5 small-10 large-5\"  >\n\t\t\t\t<div class=\"col-inner\"  >\n\t\t\t\n\t\t\t\n\n\t<div id=\"text-2851154122\" class=\"text\">\n\t\t\n\n<p><span style=\"font-size: 100%;\">A veces usted puede necesitar un profesional capacitado para evaluar las operaciones de su empresa y determinar si los controles adecuados para garantizar el manejo adecuado de los recursos y para protegerse del robo de los empleados.<\/span><\/p>\n<p><span style=\"font-size: 100%;\">Eval\u00faamos sus sistemas de control interno para determinar la eficiencia y la eficacia de los procedimientos de operaci\u00f3n. A continuaci\u00f3n hacemos algunas recomendaciones que ayudan a su empresa a ser m\u00e1s fuerte y m\u00e1s rentable mediante la correcci\u00f3n de los procedimientos de operaci\u00f3n.<\/span><\/p>\n\t\t\n<style>\n#text-2851154122 {\n  color: rgb(0,0,0);\n}\n#text-2851154122 > * {\n  color: rgb(0,0,0);\n}\n<\/style>\n\t<\/div>\n\t\n\n\t\t<\/div>\n\t\t\t\t\n<style>\n#col-1846147870 > .col-inner {\n  padding: 0px 40px 0px 0px;\n}\n<\/style>\n\t<\/div>\n\n\t\n\n\t<div id=\"col-2010231067\" class=\"col medium-7 small-10 large-7\"  >\n\t\t\t\t<div class=\"col-inner\"  >\n\t\t\t\n\t\t\t\n\n<h2>\u00bfQu\u00e9 podemos hacer por usted?<\/h2>\n<ul>\n<li><span style=\"font-size: 90%;\">Poner en pr\u00e1ctica la separaci\u00f3n de funciones para cumplir sus funciones se dividen, o separados, entre diferentes personas para reducir el riesgo de error o acciones inapropiadas. Una sola persona no tiene control sobre todos los aspectos de cualquier transacci\u00f3n financiera.<\/span><\/li>\n<li><span style=\"font-size: 90%;\">Asegurar que las transacciones son autorizadas por la persona delegada cuando las transacciones son coherentes con la pol\u00edtica y los fondos est\u00e1n disponibles.<\/span><\/li>\n<li><span style=\"font-size: 90%;\">Asegurar que los registros se revisan por una persona distinta, para determinar que las transacciones han sido debidamente procesados.<\/span><\/li>\n<li><span style=\"font-size: 90%;\">Asegurar que los equipos, inventarios, dinero en efectivo y otros bienes est\u00e1n asegurados f\u00edsicamente.<\/span><\/li>\n<li><span style=\"font-size: 90%;\">Proporcionar a los empleados con la formaci\u00f3n y orientaci\u00f3n apropiada para asegurar que tengan los conocimientos necesarios para llevar a cabo sus deberes de trabajo, cuenten con un adecuado nivel de direcci\u00f3n y supervisi\u00f3n, y son conscientes de los canales adecuados para informar de irregularidades sospechosas.<\/span><\/li>\n<\/ul>\n\n\t\t<\/div>\n\t\t\t\t\t<\/div>\n\n\t\n\n<\/div>\n\n\t\t<\/div>\n\n\t\t\n<style>\n#section_293298925 {\n  padding-top: 20px;\n  padding-bottom: 20px;\n}\n<\/style>\n\t<\/section>\n\t\n\n\t<section class=\"section dark\" id=\"section_215988302\">\n\t\t<div class=\"section-bg fill\" >\n\t\t\t\t\t\t\t\t\t\n\t\t\t\n\n\t\t<\/div>\n\n\t\t\n\n\t\t<div class=\"section-content relative\">\n\t\t\t\n\n\t<div id=\"gap-1466273334\" class=\"gap-element clearfix\" style=\"display:block; height:auto;\">\n\t\t\n<style>\n#gap-1466273334 {\n  padding-top: 20px;\n}\n<\/style>\n\t<\/div>\n\t\n\n<h2 style=\"text-align: center;\"><span style=\"font-size: 110%;\">NUESTROS PRODUCTOS<\/span><\/h2>\n\t<div id=\"gap-1877262927\" class=\"gap-element clearfix\" style=\"display:block; height:auto;\">\n\t\t\n<style>\n#gap-1877262927 {\n  padding-top: 30px;\n}\n<\/style>\n\t<\/div>\n\t\n\n<div class=\"row row-large align-center\"  id=\"row-2146876154\">\n\n\n\t<div id=\"col-533051434\" class=\"col medium-3 small-12 large-3\"  >\n\t\t\t\t<div class=\"col-inner text-center\"  >\n\t\t\t\n\t\t\t\n\n\n  <div class=\"banner has-hover\" id=\"banner-1256244962\">\n          <div class=\"banner-inner fill\">\n        <div class=\"banner-bg fill\" >\n            <img loading=\"lazy\" decoding=\"async\" width=\"960\" height=\"640\" src=\"https:\/\/arkaprofessionals.com\/wp-content\/uploads\/2021\/08\/diversificacion-financiera-arka.jpg\" class=\"bg attachment-large size-large\" alt=\"diversificacion-financiera-arka\" \/>                                    \n\t<div class=\"is-border\"\n\t\tstyle=\"border-width:0px 0px 0px 0px;\">\n\t<\/div>\n                    <\/div>\n\t\t\n        <div class=\"banner-layers container\">\n            <div class=\"fill banner-link\"><\/div>            \n\n   <div id=\"text-box-688113608\" class=\"text-box banner-layer x20 md-x20 lg-x20 y100 md-y100 lg-y100 res-text\">\n                                <div class=\"text-box-content text\">\n              \n              <div class=\"text-inner text-center\">\n                  \n\n\n              <\/div>\n           <\/div>\n                            \n<style>\n#text-box-688113608 {\n  width: 60%;\n}\n#text-box-688113608 .text-box-content {\n  font-size: 100%;\n}\n<\/style>\n    <\/div>\n \n\n        <\/div>\n      <\/div>\n\n            \n<style>\n#banner-1256244962 {\n  padding-top: 300px;\n}\n<\/style>\n  <\/div>\n\n\n\t<div id=\"gap-2133851127\" class=\"gap-element clearfix\" style=\"display:block; height:auto;\">\n\t\t\n<style>\n#gap-2133851127 {\n  padding-top: 19px;\n}\n<\/style>\n\t<\/div>\n\t\n\n<p class=\"uppercase\"><span style=\"font-size: 100%;\"><strong>Diversificaci\u00f3n financiera<\/strong><\/span><\/p>\n<p><span style=\"font-size: 90%;\">Una sola persona no tiene control sobre todos los aspectos de cualquier transacci\u00f3n financiera.<\/span><\/p>\n\n\t\t<\/div>\n\t\t\t\t\t<\/div>\n\n\t\n\n\t<div id=\"col-708149109\" class=\"col medium-3 small-12 large-3\"  >\n\t\t\t\t<div class=\"col-inner text-center\"  >\n\t\t\t\n\t\t\t\n\n\n  <div class=\"banner has-hover\" id=\"banner-1757038097\">\n          <div class=\"banner-inner fill\">\n        <div class=\"banner-bg fill\" >\n            <img loading=\"lazy\" decoding=\"async\" width=\"1020\" height=\"523\" src=\"https:\/\/arkaprofessionals.com\/wp-content\/uploads\/2021\/08\/seguridad-bienes-arka-1024x525.jpeg\" class=\"bg attachment-large size-large\" alt=\"seguridad-bienes-arka\" \/>                                    \n\t<div class=\"is-border\"\n\t\tstyle=\"border-width:0px 0px 0px 0px;\">\n\t<\/div>\n                    <\/div>\n\t\t\n        <div class=\"banner-layers container\">\n            <div class=\"fill banner-link\"><\/div>            \n\n   <div id=\"text-box-466269948\" class=\"text-box banner-layer x20 md-x20 lg-x20 y100 md-y100 lg-y100 res-text\">\n                                <div class=\"text-box-content text\">\n              \n              <div class=\"text-inner text-center\">\n                  \n\n\n              <\/div>\n           <\/div>\n                            \n<style>\n#text-box-466269948 {\n  width: 60%;\n}\n#text-box-466269948 .text-box-content {\n  font-size: 100%;\n}\n<\/style>\n    <\/div>\n \n\n        <\/div>\n      <\/div>\n\n            \n<style>\n#banner-1757038097 {\n  padding-top: 300px;\n}\n#banner-1757038097 .banner-bg img {\n  object-position: 69% 0%;\n}\n<\/style>\n  <\/div>\n\n\n\t<div id=\"gap-457021666\" class=\"gap-element clearfix\" style=\"display:block; height:auto;\">\n\t\t\n<style>\n#gap-457021666 {\n  padding-top: 19px;\n}\n<\/style>\n\t<\/div>\n\t\n\n<p class=\"uppercase\"><span style=\"font-size: 100%;\"><strong> Seguridad<\/strong><\/span><\/p>\n<p><span style=\"font-size: 90%;\">En los bienes activos de la empresa.<\/span><\/p>\n\n\t\t<\/div>\n\t\t\t\t\t<\/div>\n\n\t\n\n<\/div>\n\n\t\t<\/div>\n\n\t\t\n<style>\n#section_215988302 {\n  padding-top: 20px;\n  padding-bottom: 20px;\n  background-color: rgb(51, 51, 51);\n}\n<\/style>\n\t<\/section>\n\t\n\n  <div class=\"banner has-hover\" id=\"banner-630546640\">\n          <div class=\"banner-inner fill\">\n        <div class=\"banner-bg fill\" >\n                                                \n                    <\/div>\n\t\t\n        <div class=\"banner-layers container\">\n            <div class=\"fill banner-link\"><\/div>            \n\n   <div id=\"text-box-1995440327\" class=\"text-box banner-layer x50 md-x50 lg-x50 y20 md-y50 lg-y50 res-text\">\n                                <div class=\"text-box-content text\">\n              \n              <div class=\"text-inner text-center\">\n                  \n\n\t<div id=\"gap-1841677685\" class=\"gap-element clearfix\" style=\"display:block; height:auto;\">\n\t\t\n<style>\n#gap-1841677685 {\n  padding-top: 10px;\n}\n<\/style>\n\t<\/div>\n\t\n\n<h3>You are seeking <strong>administrative guidance for your company<\/strong><\/h3>\n\t<div id=\"gap-1243425394\" class=\"gap-element clearfix\" style=\"display:block; height:auto;\">\n\t\t\n<style>\n#gap-1243425394 {\n  padding-top: 10px;\n}\n<\/style>\n\t<\/div>\n\t\n\n<a href=\"\/ingles\/contacto\/\" class=\"button primary is-outline is-large\" >\n\t\t<span>Contact us now<\/span>\n\t<\/a>\n\n\n\n              <\/div>\n           <\/div>\n                            \n<style>\n#text-box-1995440327 {\n  width: 60%;\n}\n#text-box-1995440327 .text-box-content {\n  font-size: 100%;\n}\n<\/style>\n    <\/div>\n \n\n        <\/div>\n      <\/div>\n\n            \n<style>\n#banner-630546640 {\n  padding-top: 75%;\n  background-color: rgb(255, 255, 255);\n}\n@media (min-width:550px) {\n  #banner-630546640 {\n    padding-top: 300px;\n  }\n}\n<\/style>\n  <\/div>","protected":false},"excerpt":{"rendered":"","protected":false},"author":1,"featured_media":0,"parent":14342,"menu_order":3,"comment_status":"closed","ping_status":"closed","template":"","meta":{"footnotes":""},"class_list":["post-14703","page","type-page","status-publish","hentry"],"yoast_head":"<!-- This site is optimized with the Yoast SEO plugin v27.3 - https:\/\/yoast.com\/product\/yoast-seo-wordpress\/ -->\n<title>Servicos Para Entrepreneurs - Arka Professionals<\/title>\n<meta name=\"description\" content=\"A veces usted puede necesitar un profesional capacitado para evaluar las operaciones de su empresa y determinar si los controles adecuados\" \/>\n<meta name=\"robots\" content=\"index, follow, max-snippet:-1, max-image-preview:large, max-video-preview:-1\" \/>\n<link rel=\"canonical\" href=\"https:\/\/arkaprofessionals.com\/ingles\/servicios\/consultoria-empresarial\/entrepreneurs\/\" \/>\n<meta property=\"og:locale\" content=\"en_US\" \/>\n<meta property=\"og:type\" content=\"article\" \/>\n<meta property=\"og:title\" content=\"Servicos Para Entrepreneurs - Arka Professionals\" \/>\n<meta property=\"og:description\" content=\"A veces usted puede necesitar un profesional capacitado para evaluar las operaciones de su empresa y determinar si los controles adecuados\" \/>\n<meta property=\"og:url\" content=\"https:\/\/arkaprofessionals.com\/ingles\/servicios\/consultoria-empresarial\/entrepreneurs\/\" \/>\n<meta property=\"og:site_name\" content=\"Arka Professionals Services\" \/>\n<meta property=\"article:modified_time\" content=\"2022-02-15T21:13:27+00:00\" \/>\n<meta name=\"twitter:card\" content=\"summary_large_image\" \/>\n<meta name=\"twitter:label1\" content=\"Est. reading time\" \/>\n\t<meta name=\"twitter:data1\" content=\"2 minutes\" \/>\n<!-- \/ Yoast SEO plugin. -->","yoast_head_json":{"title":"Servicos Para Entrepreneurs - Arka Professionals","description":"A veces usted puede necesitar un profesional capacitado para evaluar las operaciones de su empresa y determinar si los controles adecuados","robots":{"index":"index","follow":"follow","max-snippet":"max-snippet:-1","max-image-preview":"max-image-preview:large","max-video-preview":"max-video-preview:-1"},"canonical":"https:\/\/arkaprofessionals.com\/ingles\/servicios\/consultoria-empresarial\/entrepreneurs\/","og_locale":"en_US","og_type":"article","og_title":"Servicos Para Entrepreneurs - Arka Professionals","og_description":"A veces usted puede necesitar un profesional capacitado para evaluar las operaciones de su empresa y determinar si los controles adecuados","og_url":"https:\/\/arkaprofessionals.com\/ingles\/servicios\/consultoria-empresarial\/entrepreneurs\/","og_site_name":"Arka Professionals Services","article_modified_time":"2022-02-15T21:13:27+00:00","twitter_card":"summary_large_image","twitter_misc":{"Est. reading time":"2 minutes"},"schema":{"@context":"https:\/\/schema.org","@graph":[{"@type":"WebPage","@id":"https:\/\/arkaprofessionals.com\/servicios\/consultoria-empresarial\/entrepreneurs\/","url":"https:\/\/arkaprofessionals.com\/servicios\/consultoria-empresarial\/entrepreneurs\/","name":"Servicos Para Entrepreneurs - Arka Professionals","isPartOf":{"@id":"https:\/\/arkaprofessionals.com\/#website"},"datePublished":"2021-08-20T20:44:23+00:00","dateModified":"2022-02-15T21:13:27+00:00","description":"A veces usted puede necesitar un profesional capacitado para evaluar las operaciones de su empresa y determinar si los controles adecuados","breadcrumb":{"@id":"https:\/\/arkaprofessionals.com\/servicios\/consultoria-empresarial\/entrepreneurs\/#breadcrumb"},"inLanguage":"en-US","potentialAction":[{"@type":"ReadAction","target":["https:\/\/arkaprofessionals.com\/servicios\/consultoria-empresarial\/entrepreneurs\/"]}]},{"@type":"BreadcrumbList","@id":"https:\/\/arkaprofessionals.com\/servicios\/consultoria-empresarial\/entrepreneurs\/#breadcrumb","itemListElement":[{"@type":"ListItem","position":1,"name":"Portada","item":"https:\/\/arkaprofessionals.com\/"},{"@type":"ListItem","position":2,"name":"Servicios","item":"https:\/\/arkaprofessionals.com\/servicios\/"},{"@type":"ListItem","position":3,"name":"Consultor\u00eda empresarial","item":"https:\/\/arkaprofessionals.com\/servicios\/consultoria-empresarial\/"},{"@type":"ListItem","position":4,"name":"ENTREPRENEURS"}]},{"@type":"WebSite","@id":"https:\/\/arkaprofessionals.com\/#website","url":"https:\/\/arkaprofessionals.com\/","name":"Arka Professionals Services","description":"Servicios administrativos","publisher":{"@id":"https:\/\/arkaprofessionals.com\/#organization"},"potentialAction":[{"@type":"SearchAction","target":{"@type":"EntryPoint","urlTemplate":"https:\/\/arkaprofessionals.com\/?s={search_term_string}"},"query-input":{"@type":"PropertyValueSpecification","valueRequired":true,"valueName":"search_term_string"}}],"inLanguage":"en-US"},{"@type":"Organization","@id":"https:\/\/arkaprofessionals.com\/#organization","name":"Arka Professionals","url":"https:\/\/arkaprofessionals.com\/","logo":{"@type":"ImageObject","inLanguage":"en-US","@id":"https:\/\/arkaprofessionals.com\/#\/schema\/logo\/image\/","url":"https:\/\/arkaprofessionals.com\/wp-content\/uploads\/2022\/03\/logo_arka.png","contentUrl":"https:\/\/arkaprofessionals.com\/wp-content\/uploads\/2022\/03\/logo_arka.png","width":500,"height":370,"caption":"Arka Professionals"},"image":{"@id":"https:\/\/arkaprofessionals.com\/#\/schema\/logo\/image\/"}}]}},"_links":{"self":[{"href":"https:\/\/arkaprofessionals.com\/ingles\/wp-json\/wp\/v2\/pages\/14703","targetHints":{"allow":["GET"]}}],"collection":[{"href":"https:\/\/arkaprofessionals.com\/ingles\/wp-json\/wp\/v2\/pages"}],"about":[{"href":"https:\/\/arkaprofessionals.com\/ingles\/wp-json\/wp\/v2\/types\/page"}],"author":[{"embeddable":true,"href":"https:\/\/arkaprofessionals.com\/ingles\/wp-json\/wp\/v2\/users\/1"}],"replies":[{"embeddable":true,"href":"https:\/\/arkaprofessionals.com\/ingles\/wp-json\/wp\/v2\/comments?post=14703"}],"version-history":[{"count":14,"href":"https:\/\/arkaprofessionals.com\/ingles\/wp-json\/wp\/v2\/pages\/14703\/revisions"}],"predecessor-version":[{"id":14778,"href":"https:\/\/arkaprofessionals.com\/ingles\/wp-json\/wp\/v2\/pages\/14703\/revisions\/14778"}],"up":[{"embeddable":true,"href":"https:\/\/arkaprofessionals.com\/ingles\/wp-json\/wp\/v2\/pages\/14342"}],"wp:attachment":[{"href":"https:\/\/arkaprofessionals.com\/ingles\/wp-json\/wp\/v2\/media?parent=14703"}],"curies":[{"name":"wp","href":"https:\/\/api.w.org\/{rel}","templated":true}]}}